st common factor of n and y.
7
Let j = 5158 + -3559. Calculate the greatest common divisor of j and 246.
123
Suppose 148*y + 1190 = 182*y. What is the highest common divisor of 145 and y?
5
Let g = 101 - 96. Suppose -2*j - 3*k = -193, 167 + 347 = g*j - 3*k. Let u = j - -32. What is the greatest common divisor of 19 and u?
19
Let i = -3804 + 6019. Calculate the highest common divisor of 5 and i.
5
Let c(f) = -199*f - 1552. Let y be c(-8). Suppose -2*z = 4*v - 282, -6*z + z - 231 = -3*v. What is the highest common divisor of v and y?
8
Let d(z) = 5949*z - 47577. Let r be d(8). Let y be 6/5*(-20)/(-6). Let g be ((-10)/y)/(2/(-4)). Calculate the highest common factor of g and r.
5
Let m = -55 - -89. Suppose 10*b = -4 + m. Suppose l - h + 13 = 2*l, -3*h = 4*l - 51. Calculate the greatest common divisor of l and b.
3
Suppose -2*x = -g - 169, -4*x - 30 = 5*g - 375. Let i = x + -75. Suppose -i*v - 9 = -13*v. What is the greatest common factor of 9 and v?
3
Let a(u) = u**2 + 6*u - 10. Let v be a(3). Suppose -3*q + 4*t - 2*t + v = 0, -2*t = -5*q + 23. Calculate the highest common divisor of q and 24.
3
Let i(x) = 2*x**2 + 58*x + 60. Let m be i(-28). What is the greatest common divisor of 3756 and m?
4
Let n(h) = -h**2 + h - 4. Let q be n(3). Let a be 10/(-25) - 807*2/q. Let z = -51 + a. What is the greatest common divisor of z and 10?
10
Let h = -1321 - -1360. What is the highest common factor of h and 11?
1
Let g = -172 - -294. Suppose 0 = 9*t - g - 175. What is the highest common divisor of 44 and t?
11
Let l be (-154)/(-4) + 18*(-2)/(-24). What is the highest common factor of 12820 and l?
20
Suppose 17*m + 5160 = -8168. Let a be 3 + (m/(-4))/4. What is the greatest common factor of a and 104?
52
Let g = 1988 + -1987. What is the highest common factor of g and 313?
1
Let d = -50 + 48. Let b be (d/3)/((-4)/4032). Let f = -399 + b. Calculate the highest common factor of f and 39.
39
Let q be (-3698)/(-8) - (-24)/1920*-20. What is the greatest common divisor of q and 4004?
154
Let t = -1574 + 1584. Calculate the highest common divisor of 695 and t.
5
Let l(h) = h**2 + 216. Let j be l(0). Let x be ((-6)/1)/((-18)/j). What is the greatest common divisor of x and 16?
8
Let j = 1 + 6. Let r be (j - -3)*2/2. Let f = 182 - 112. Calculate the greatest common divisor of r and f.
10
Let q(z) = 10*z**3 + 3*z**2 + 2*z - 6. Let b be q(2). Suppose 4*l + 4*h - 63 = 5*h, -5*l = -5*h - b. What is the highest common factor of 35 and l?
5
Let l = 3104 + -3056. What is the greatest common divisor of l and 1248?
48
Let z = 36 + 39. Let w = z - 59. What is the greatest common factor of 16 and w?
16
Let k(v) = 3*v**2 - 2*v. Let o be k(-6). Suppose 17*j - 1598 = -1343. What is the greatest common divisor of o and j?
15
Suppose 49*o + 7*o - 39532 = 18372. Calculate the greatest common factor of o and 418.
22
Let w(j) = -7*j + 302. Let d be w(44). Let t be (-4)/d - (-11)/((-198)/(-456)). Calculate the highest common divisor of t and 78.
26
Let c(u) = 20*u + 22. Let n be c(-5). Let f = n + 83. Suppose -y - 5 = 0, f*z = -5*y + 164 + 56. Calculate the greatest common factor of z and 539.
49
Suppose -28 = -5*f + 12. Let j be -5 + 894/(-15) + 2/(-5). Let t be (-7)/5 - 5811/j. Calculate the greatest common factor of t and f.
8
Let h = -207 - -366. Suppose 0 = 3*g + 3*r - h, 4*g - 2*g = 3*r + 116. Calculate the highest common divisor of g and 22.
11
Suppose 83*q = 46*q + 7816 + 5652. What is the greatest common factor of 84 and q?
28
Let l = 130 + -128. Let d be l + (-85)/40 + (-1985)/(-8). What is the highest common divisor of 31 and d?
31
Let r be (2 - 10/4)/((-4)/(-56)). Let g(c) = -2*c + 4. Let j be g(r). Calculate the highest common divisor of j and 24.
6
Let l = 114 + -89. Let q be (-10 + 6)*3/4 + 128. Calculate the greatest common divisor of q and l.
25
Let y(k) = -47*k + 2503. Let j be y(53). What is the highest common factor of j and 60?
12
Suppose -8*i - 114 = -9*i + 5*h, 0 = -i + 2*h + 126. Suppose 4*o - 4*f = -3*f + i, -2*o + 2*f = -64. Calculate the greatest common divisor of 34 and o.
34
Suppose z = -3*j - 9, 12 = 29*j - 32*j. Suppose -z*y = 15*y - 720. Calculate the greatest common factor of y and 64.
8
Let w = -1026 + 1027. Calculate the highest common divisor of 153 and w.
1
Suppose 0*p - v = p - 116, 5*p - v - 550 = 0. Let s be (2/7 + 77/(-98))*68. Let y be (-148)/10*85/s. Calculate the highest common divisor of p and y.
37
Let t = -2272 - -2352. What is the greatest common factor of 5360 and t?
80
Let n = -33934 + 34033. Calculate the greatest common divisor of n and 1323.
9
Suppose c - 44 = 5*p, 3*c - p = 22 + 82. Let g = 41 + c. What is the greatest common factor of g and 10?
5
Suppose 2*p = 5*f + 35 + 51, -4*p + 140 = -2*f. Calculate the highest common factor of 3531 and p.
33
Suppose 47*s - 6 = 50*s, -5*i + 4*s + 23873 = 0. What is the greatest common factor of 516 and i?
129
Suppose 104552 + 45208 = 30*j. What is the highest common divisor of 702 and j?
78
Suppose -9730 = -2255*p + 2241*p. What is the greatest common divisor of p and 5?
5
Let o be (6/28)/((-57)/76) + 2048/112. Suppose 3*i + 7 - 25 = 0. Calculate the greatest common factor of i and o.
6
Suppose 15*z + 24 - 54 = 0. Suppose -10*t + z = -9*t. Calculate the greatest common divisor of 7 and t.
1
Let q = -3344 + 3588. Calculate the greatest common divisor of q and 3538.
122
Let w be (-3)/(10/(-8) + (1/28 - -1)). What is the greatest common factor of w and 16?
2
Let l(d) = -167*d**3 - 1. Let r be l(1). Let j = r - -267. Let w = 309 + -298. Calculate the highest common divisor of w and j.
11
Let m be (0 - -2) + 4 + 4. Suppose l + 5 = -4*l + q, 4*l = -2*q + m. Suppose 2*h + 6*h - 16 = l. What is the highest common factor of 2 and h?
2
Suppose -3 = c, 22*c + 156 = 4*d + 18*c. Calculate the highest common factor of 9 and d.
9
Let w = -14562 - -14596. What is the greatest common factor of w and 799?
17
Let h(f) = 2*f + 8*f**2 - f**2 + f**2 + 4 + f**2. Let r be h(-2). Let a(w) = -58*w - 90. Let z be a(-3). Calculate the highest common divisor of z and r.
12
Let c = -9559 + 9988. Suppose -2*t + 0*t + 78 = 0. What is the highest common divisor of t and c?
39
Let h = -4295 - -4658. What is the greatest common factor of h and 3?
3
Let z be (-6)/(6*(-6)/18). Suppose -z*i + 2*v + 3*v + 29 = 0, -5*i = 2*v - 69. What is the greatest common factor of i and 832?
13
Let j = 68 - 68. Suppose j = 7*r + 11*r - 5148. Let f = -26 + 52. Calculate the greatest common divisor of f and r.
26
Let r(y) = -18*y + 72. Let b be r(2). Calculate the highest common divisor of 64 and b.
4
Let m(o) = 2*o + 40. Suppose -10*y + 42 = 202. Let n be m(y). What is the highest common factor of 344 and n?
8
Suppose -2*m + 14 = 3*i, -i - 3*i - 2*m = -20. Suppose 8256 = 425*x - 339*x. Calculate the greatest common divisor of i and x.
6
Suppose -4775 = 14*o - 1485. Let v = 256 + o. Calculate the greatest common divisor of 56 and v.
7
Suppose -3369 = 19*g + 11394. Let i = g + 803. What is the greatest common divisor of i and 143?
13
Suppose 0 = -6*q + 2*q + 3*b + 182, 0 = -5*b + 10. Let a = -138873 + 139249. Calculate the greatest common factor of a and q.
47
Suppose -7*i + 21 = -0. Let l(t) = -i - 7 + 1 - 3*t - 1. Let d be l(-6). Calculate the highest common factor of 4 and d.
4
Suppose -4*g = -172 - 252. Let d = 108 - g. Suppose 0 = -d*w + 2*x + 130, w - x - 69 = 4*x. What is the highest common factor of w and 16?
16
Let m(j) be the first derivative of -j**3/3 - 11*j**2/2 + 15*j - 41. Let u be m(-12). What is the greatest common divisor of 3 and u?
3
Suppose -5*f = -63 - 17. Let y be 4584/f - 2/4. Let p = 1244 - 1218. What is the highest common divisor of y and p?
26
Suppose -6408 - 3882 = -49*u. Calculate the greatest common factor of u and 190.
10
Let m = -69 - -23. Let h = 53 + m. Suppose h*f = 2*f + 95. What is the highest common factor of 133 and f?
19
Let r(g) be the third derivative of -g**6/60 - 13*g**5/60 + g**4/8 + 4*g**3 - 5*g**2. Let s be r(-7). What is the greatest common factor of s and 182?
26
Let t = 8 + -7. Suppose -2*v + t + 41 = 0. Let n = 2404 - 2395. What is the highest common divisor of n and v?
3
Let r = 9743 - 9733. Calculate the highest common factor of 116 and r.
2
Let x(d) = 30*d**2. Let m be 5/(-3) + 1/(-3). Let g b